 o be w(m). Let c = o - -14. What is the units digit of c?
8
Let a(r) = 4*r**2 + r. Suppose 5*k - k = -4. Let u be a(k). Suppose -25 = -u*p + 8. What is the tens digit of p?
1
Suppose -8 = 2*c - 24. Let m be (c/6)/(2/3). Let v(i) = 8*i - 3. What is the tens digit of v(m)?
1
Suppose -4*o = 2*c + 3*c - 59, 71 = 5*c + o. What is the units digit of c?
5
Let w(x) = 17*x**2 + x + 1. What is the units digit of w(2)?
1
Let c be 2/((-1)/(-9)*3). Suppose -2*b + c = 4*s - 12, b + 7 = 2*s. Suppose -s*g - 4 = 0, 0 = -k - 3*k - 4*g + 20. What is the units digit of k?
6
Suppose -2*s = 2 + 2. Let u = 9 + s. Suppose -3*g + 23 = 2*x - u*x, 8 = 2*g + 4*x. What is the units digit of g?
6
Let k(o) = 2*o - 5. Suppose 3*v - 2*a - 55 = 3*a, 0 = -v + 4*a + 30. What is the units digit of k(v)?
5
Let x(f) = 2*f - 9. Let s be x(6). Let q = 4 - s. Let d = q + 0. What is the units digit of d?
1
Suppose -87*f + 268 = -83*f. What is the tens digit of f?
6
Let y = -211 + 431. What is the hundreds digit of y?
2
Suppose -5*w + 208 - 58 = 0. What is the tens digit of w?
3
Suppose 0 = -3*t + 7*t - 144. What is the tens digit of t?
3
Let y be 2/3 - 23/3. Let l = 22 + y. What is the tens digit of l?
1
Suppose 5*h = 20, 3*h + 24 = 4*c - 0*h. Suppose 0 = -d - 5*v + 15, -8*d + 3*v = -3*d + c. Suppose 0*x - x + 15 = d. What is the tens digit of x?
1
Let n be 38/14 + (-2)/(-7). Suppose -5*a = -l, -l + 5*a - a = -3. Suppose 22 = -n*d + 4*q + 8, l = 3*q. What is the units digit of d?
2
Let u(a) = -a**2 - 10. Let z be u(0). Let l(m) = 9*m**2 + 17*m + 22. Let f(o) = -4*o**2 - 9*o - 11. Let c(r) = 7*f(r) + 3*l(r). What is the units digit of c(z)?
9
Let t = 88 - -40. What is the tens digit of t?
2
Let y(d) = d**2 - 13*d + 2. Let q(v) = -v**2 + 14*v - 2. Let u(f) = -5*q(f) - 6*y(f). What is the tens digit of u(6)?
1
Let k = -8 - -10. Let m be k/4*0*-1. What is the tens digit of 13*(3/3 - m)?
1
Suppose -z = 2*z - 15. What is the units digit of (16/(-10))/((-2)/z)?
4
Let m = -132 - -197. What is the tens digit of m?
6
Suppose 4*m = -0*m + 4. Let g = m - -7. What is the units digit of g?
8
Suppose -4*s + s = 12, 0 = 5*v - 4*s - 11. What is the tens digit of 23 + 2 - (-2 - v)?
2
Suppose 2*x + 142 = x. What is the tens digit of x/(-10) - (-2)/(-10)?
1
Suppose 2*x + 0 - 8 = 0. Suppose -x*n + 3*v = -44, -4*n = 5*v - 8 - 4. Let t = n + -3. What is the units digit of t?
5
Suppose 3*w - 8 = 22. Let h = -16 + w. What is the units digit of (-2)/h*1*12?
4
Let u = -1 + 1. Let p(c) = 4*c - 1. Let h be p(2). Let w = u + h. What is the units digit of w?
7
Let j(l) = -l - 12. Let i be j(11). Let d = i + 41. What is the units digit of d?
8
Let u(r) = r**3 - r**2 - 2*r + 1. Let l be u(2). Suppose 4*q - 59 - l = 0. What is the units digit of q?
5
Let z(l) = -8*l**3 + 20*l**2 + 9*l - 16. Let d(h) = 7*h**3 - 19*h**2 - 8*h + 15. Let t(o) = -7*d(o) - 6*z(o). What is the tens digit of t(13)?
1
Let s be (0 - (-3 - -2)) + 0. Let a = -2 - 3. Let t = s - a. What is the units digit of t?
6
Let s(l) = l**2 + 6*l + 7. Let n be s(-5). Suppose 2*z = -2*x - n*x - 4, 4*x + 4 = z. Suppose 15 = -z*o + 5*o. What is the units digit of o?
3
Let i(m) be the first derivative of -23*m**2/2 - 2*m + 7. What is the tens digit of i(-1)?
2
Let h = -12 - -4. Let v = -4 - h. What is the units digit of v?
4
Let r be 1/9*3*213. Let f = -46 + r. What is the tens digit of f?
2
Let x(p) = p**2 + 2*p + 12. What is the tens digit of x(0)?
1
Let w be 1/(0 - 2/62). Let p be 4/6 - w/3. What is the tens digit of (-8 - -7)*p/(-1)?
1
Suppose k + 0*m = 2*m + 3, 2*k + 2*m + 24 = 0. Let n = k - -24. What is the tens digit of n?
1
Let h(u) = -u**2 + 2*u + 10. Let k(f) = -f**2 + 4*f + 21. Let b(a) = -5*h(a) + 2*k(a). What is the tens digit of b(4)?
3
Suppose -6*g - 402 = -9*g. What is the hundreds digit of g?
1
Let u(c) = 2*c + 8*c**2 - 4*c - 4*c**2 - 2*c**2. What is the tens digit of u(-3)?
2
Suppose k = -5*b + 21, 4*k - b + 6 = -3*b. Let w be k/16 + (-3)/4. What is the units digit of 2 + 5 - (w + -1)?
9
Let i(s) = s**3 + 7*s**2 - 8*s. Let p be i(-8). Suppose -2*t - 3 + 11 = p. What is the units digit of t?
4
Let q(g) = -g**2 + g - 3. Let s be q(0). Let j = s - -48. What is the tens digit of j?
4
Suppose -h = -0*h - 214. What is the hundreds digit of h?
2
Let k be (-1 - 2*-1)*-4. Let w = k + 16. What is the tens digit of w?
1
Let j = -239 - -648. What is the tens digit of j?
0
Let t be ((-6)/15)/(3/(-15)). Suppose 0 = s + t*s - 18. What is the units digit of s?
6
Suppose 2*s - 3*n = -s + 18, -2*s + 2 = 3*n. Let c(h) = 0*h**2 - 3*h**3 - 2 + 4*h**3 - 3*h - 3*h**2. What is the units digit of c(s)?
2
Let q(h) = 12*h**2 - 5*h - h**3 + 6 + 6*h**2 - 12*h**2. What is the units digit of q(5)?
6
Suppose 5*p - 5 = 3*j, 2*j - j = -p + 9. Let h = 3 + p. What is the units digit of h?
7
Suppose -2*o + 3*q + 9 - 2 = 0, 0 = -o + 5*q - 14. What is the units digit of o?
1
Let l(s) = s**3 - 3*s**2 + 5*s + 1. What is the tens digit of l(4)?
3
What is the hundreds digit of (-2)/(-2)*5*1166/55?
1
Suppose 0 = i, 6*i - i + 321 = 3*g. Suppose -g = -4*b + 5. What is the units digit of b?
8
Suppose -5*i + 15 = 3*p - 19, p - 16 = -4*i. Let k = p + -6. What is the units digit of k?
2
Let r = 76 + -27. What is the units digit of r?
9
Let w = 107 - 47. What is the tens digit of w?
6
Suppose -58 = -l + 4*v, 2*l - v - 104 = -5*v. What is the units digit of l?
4
Suppose 4*d - 13 = 3*l, 0 = -5*l + 3*l + 2*d - 6. Let h = 10 - l. What is the units digit of h?
9
What is the tens digit of (-52)/(-2) + 4/(-4)?
2
Let g = 34 + 20. Let y = -32 + g. What is the tens digit of y?
2
Let v(h) = -2*h + 6. Let n(u) = u - 7. Let x(k) = 5*n(k) + 4*v(k). What is the units digit of x(-8)?
3
Let k(p) = -p**3 - 3*p**2 + 12*p - 6. What is the tens digit of k(-6)?
3
Let v(g) = g**2 - 5*g + 6. Let t be v(5). Suppose t*a - 3*a = 99. What is the tens digit of a?
3
Let v = 13 + -101. Let y = -40 - v. What is the units digit of y?
8
Suppose -12 - 4 = -4*u. Suppose r - 3 = 0, -4*r + 13 = u*h - 11. What is the units digit of h?
3
Suppose d = -5*i - 12, 2*d + 0 + 3 = -3*i. Suppose -11 - 49 = -d*l. What is the units digit of l?
0
Suppose -v + 2*z - 3 = 0, -4*v - 16 = -2*z + 8. What is the units digit of (-254)/v - 16/56?
6
What is the units digit of (-3)/(259/(-64) - -4)?
4
Let n(k) = k**2 + 6*k + 3. Let x be n(-6). Suppose x*s = 5*q - 26, -q = -2*s + 5*s - 16. What is the units digit of q?
7
Let o be 2/((-2)/(-3)) + -1. Suppose -2*l + 60 = o*l. What is the units digit of l?
5
Let z(t) = t**3 - 7*t**2 + 3*t - 10. What is the units digit of z(7)?
1
Let j(q) = 6*q**2 + 2*q + 1. Let o(u) = u + 5. Let h be o(-7). Let b = 1 + h. What is the units digit of j(b)?
5
Suppose -f - 6 = -9. What is the tens digit of (160/15)/(1/f)?
3
Let o be (-16)/(-4)*(-1)/(-2). Suppose -o*l = -l - 6. What is the units digit of l?
6
Let g(x) = x**3 - 7*x**2 + 8*x + 1. Let l be g(6). Let f = 55 - l. What is the tens digit of f?
4
What is the tens digit of 1*(-4 - -2) - -22?
2
What is the tens digit of 3/(-3) - (-254)/2?
2
Suppose -2*a - 22 = 8. Let n = a + 17. What is the units digit of n?
2
Let h(a) = 4*a + 11. Let k be h(-6). Let m = k - -35. What is the units digit of m?
2
Let b(m) = -m - 2. Suppose 5*c - 6*c - 5 = 0. Let x be b(c). Suppose x*l = -0*l + 6. What is the units digit of l?
2
Suppose y - 5*c - 22 = 0, 0 = 5*c - 5 - 0. What is the units digit of -7*(y/21 - 3)?
2
Let r be 8/28 - (-191)/(-7). What is the units digit of (-288)/r - (-1)/3?
1
Let h be 0 + 0 + 2 + -1. Suppose h = -c + 9. What is the units digit of c?
8
Let c(a) = -106*a + 1. What is the tens digit of c(-2)?
1
Let g be (48/30)/(2/10). Suppose g = -4*v, -3*v + 2*v = -2*y + 6. Suppose y*r = -l + 8, -5*l - r - 4*r = -25. What is the units digit of l?
2
Suppose 0*t - 19 = -2*x + 3*t, 5*x = -t + 39. Let l = 13 - x. Suppose 0 = -l*q - i + 66, -3*i + 4 = 4*q - 40. What is the units digit of q?
4
Suppose 0 = 3*m + 2*m - 15. Let f = 0 + m. What is the units digit of f?
3
Suppose 0 = y - 2*p - 76, -2*y - 3*p - 366 = -7*y. What is the tens digit of y?
7
Let f(c) = -11*c**3 - c**2 - 2*c + 2. What is the units digit of f(-3)?
6
Suppose 0 = 2*u + 3*x - 65, -2*x + 22 + 104 = 4*u. Let o = -21 + u. What is the units digit of o?
0
Suppose -4*u + 0*u + 40 = 0. Suppose -2*q - 2*g + 6*g + 70 = 0, 